hen 14532 is divided by 7266?
0
Calculate the remainder when 6472827 is divided by 78.
75
Calculate the remainder when 16359 is divided by 8179.
1
What is the remainder when 106721 is divided by 34?
29
Calculate the remainder when 20151 is divided by 1582.
1167
What is the remainder when 13436 is divided by 78?
20
Calculate the remainder when 5080 is divided by 3529.
1551
Calculate the remainder when 3382 is divided by 136.
118
Calculate the remainder when 1106 is divided by 118.
44
Calculate the remainder when 29827 is divided by 128.
3
Calculate the remainder when 61022 is divided by 97.
9
Calculate the remainder when 749935 is divided by 287.
4
Calculate the remainder when 9349245 is divided by 1237.
1236
What is the remainder when 2137 is divided by 107?
104
Calculate the remainder when 1425 is divided by 559.
307
What is the remainder when 7626 is divided by 750?
126
Calculate the remainder when 1499 is divided by 387.
338
What is the remainder when 14602 is divided by 2917?
17
What is the remainder when 233092 is divided by 25897?
19
Calculate the remainder when 241 is divided by 121.
120
What is the remainder when 27698 is divided by 272?
226
Calculate the remainder when 10758 is divided by 487.
44
Calculate the remainder when 4194 is divided by 1396.
6
Calculate the remainder when 169351 is divided by 56450.
1
What is the remainder when 334967 is divided by 63?
59
What is the remainder when 21171 is divided by 55?
51
Calculate the remainder when 1224 is divided by 151.
16
Calculate the remainder when 647092 is divided by 6.
4
What is the remainder when 159489 is divided by 82?
81
What is the remainder when 18859 is divided by 295?
274
What is the remainder when 4587669 is divided by 10?
9
Calculate the remainder when 155864 is divided by 173.
164
Calculate the remainder when 147 is divided by 132.
15
What is the remainder when 1264785 is divided by 196?
193
What is the remainder when 489439 is divided by 25759?
18
Calculate the remainder when 15555 is divided by 192.
3
What is the remainder when 3569 is divided by 77?
27
What is the remainder when 11173 is divided by 5489?
195
Calculate the remainder when 1015 is divided by 8.
7
Calculate the remainder when 59206 is divided by 6574.
40
What is the remainder when 209745 is divided by 5826?
9
What is the remainder when 4995 is divided by 1241?
31
What is the remainder when 4529 is divided by 151?
150
What is the remainder when 10948 is divided by 244?
212
What is the remainder when 85627 is divided by 219?
217
What is the remainder when 10495 is divided by 368?
191
Calculate the remainder when 3734971 is divided by 178.
175
Calculate the remainder when 1157 is divided by 215.
82
What is the remainder when 13575 is divided by 4408?
351
What is the remainder when 821308 is divided by 13?
7
What is the remainder when 4508 is divided by 233?
81
What is the remainder when 333685 is divided by 83420?
5
What is the remainder when 285717 is divided by 206?
201
Calculate the remainder when 15172 is divided by 262.
238
What is the remainder when 119005 is divided by 238?
5
What is the remainder when 1889422 is divided by 91?
80
Calculate the remainder when 2520 is divided by 2466.
54
Calculate the remainder when 192534 is divided by 64166.
36
Calculate the remainder when 31066 is divided by 154.
112
What is the remainder when 4179 is divided by 95?
94
Calculate the remainder when 120895 is divided by 40248.
151
Calculate the remainder when 1366721 is divided by 124.
117
Calculate the remainder when 110074 is divided by 21.
13
What is the remainder when 4335176 is divided by 539?
538
Calculate the remainder when 34702 is divided by 244.
54
What is the remainder when 260331 is divided by 37?
36
Calculate the remainder when 491 is divided by 490.
1
Calculate the remainder when 2400 is divided by 335.
55
Calculate the remainder when 427721 is divided by 22.
19
What is the remainder when 336626 is divided by 23?
21
Calculate the remainder when 766 is divided by 381.
4
What is the remainder when 29271 is divided by 488?
479
Calculate the remainder when 8069 is divided by 3925.
219
Calculate the remainder when 1272 is divided by 203.
54
What is the remainder when 44806 is divided by 65?
21
Calculate the remainder when 24907 is divided by 8210.
277
Calculate the remainder when 44480 is divided by 155.
150
What is the remainder when 920885 is divided by 43?
40
What is the remainder when 494758 is divided by 3?
1
Calculate the remainder when 1765 is divided by 1503.
262
Calculate the remainder when 41033 is divided by 20488.
57
What is the remainder when 1048139 is divided by 108?
107
What is the remainder when 21710 is divided by 170?
120
Calculate the remainder when 19048 is divided by 486.
94
Calculate the remainder when 88041 is divided by 53.
8
What is the remainder when 145963 is divided by 48642?
37
Calculate the remainder when 585002 is divided by 34.
32
What is the remainder when 6406 is divided by 130?
36
What is the remainder when 27596 is divided by 988?
920
Calculate the remainder when 22501 is divided by 97.
94
What is the remainder when 9692 is divided by 32?
28
What is the remainder when 695454 is divided by 61?
54
Calculate the remainder when 464577 is divided by 116.
113
Calculate the remainder when 3083000 is divided by 16.
8
Calculate the remainder when 13438 is divided by 383.
33
What is the remainder when 520830 is divided by 130207?
2
What is the remainder when 2259 is divided by 1058?
143
What is the remainder when 11434 is divided by 229?
213
Calculate the remainder when 163528 is divided by 41.
20
Calculate the remainder when 144938 is divided by 29.
25
What is the remainder when 1743 is divided by 156?
27
Calculate the remainder when 7377 is divided by 295.
2
Calculate the remainder when 4007 is divided by 1987.
33
Calculate the remainder when 655719 is divided by 776.
775
Calculate the remainder when 22061 is divided by 3134.
123
What is the remainder when 4158 is divided by 272?
78
What is the remainder when 41337 is divided by 67?
65
What is the remainder when 6909 is divided by 101?
41
What is the remainder when 6894 is divided by 452?
114
What is the remainder when 29166 is divided by 275?
16
What is the remainder when 91416 is divided by 243?
48
What is the remainder when 17013 is divided by 4230?
93
What is the remainder when 215499 is divided by 26?
11
Calculate the remainder when 729057 is divided by 419.
416
Calculate the remainder when 173277 is divided by 28875.
27
What is the remainder when 2879 is divided by 430?
299
Calculate the remainder when 267191 is divided by 1830.
11
Calculate the remainder when 42657 is divided by 6093.
6
What is the remainder when 582920 is divided by 9?
8
Calculate the remainder when 1431924 is divided by 17.
14
Calculate the remainder when 5301 is divided by 55.
21
Calculate the remainder when 4308 is divided by 599.
115
What is the remainder when 9114 is divided by 9109?
5
Calculate the remainder when 2782 is divided by 494.
312
What is the remainder when 55753 is divided by 53?
50
Calculate the remainder when 12590 is divided by 37.
10
Calculate the remainder when 91970 is divided by 91940.
30
What is the remainder when 37252 is divided by 268?
0
What is the remainder when 80006 is divided by 584?
582
Calculate the remainder when 13359 is divided by 1469.
138
What is the remainder when 3156 is divided by 1572?
12
Calculate the remainder when 15023 is divided by 42.
29
What is the remainder when 5130 is divided by 427?
6
Calculate the remainder when 10007 is divided by 3.
2
What is the remainder when 381237 is divided by 1059?
1056
What is the remainder when 916624 is divided by 8?
0
Calculate the remainder when 13450 is divided by 16.
10
What is the remainder when 2237 is divided by 1453?
784
What is the remainder when 11604 is divided by 124?
72
Calculate the remainder when 137168 is divided by 11.
9
What is the remainder when 822 is divided by 130?
42
Calculate the remainder when 3279 is divided by 1252.
775
Calculate the remainder when 87989 is divided by 27.
23
Calculate the remainder when 64152 is divided by 91.
88
Calculate the remainder when 16960 is divided by 66.
64
What is the remainder when 172658 is divided by 48?
2
Wha